t the prime factors of 25751.
11, 2341
What are the prime factors of 469?
7, 67
What are the prime factors of 2728?
2, 11, 31
What are the prime factors of 106?
2, 53
What are the prime factors of 990?
2, 3, 5, 11
What are the prime factors of 7612?
2, 11, 173
What are the prime factors of 482?
2, 241
What are the prime factors of 1002?
2, 3, 167
What are the prime factors of 6508?
2, 1627
What are the prime factors of 79444?
2, 19861
What are the prime factors of 1112?
2, 139
What are the prime factors of 1819?
17, 107
List the prime factors of 3916.
2, 11, 89
What are the prime factors of 68152?
2, 7, 1217
What are the prime factors of 4191?
3, 11, 127
What are the prime factors of 23534?
2, 7, 41
List the prime factors of 32482.
2, 109, 149
List the prime factors of 13886.
2, 53, 131
What are the prime factors of 1116?
2, 3, 31
What are the prime factors of 22912?
2, 179
What are the prime factors of 449?
449
List the prime factors of 17550.
2, 3, 5, 13
What are the prime factors of 51575?
5, 2063
What are the prime factors of 89469?
3, 9941
What are the prime factors of 444?
2, 3, 37
List the prime factors of 7740.
2, 3, 5, 43
List the prime factors of 14817.
3, 11, 449
List the prime factors of 278.
2, 139
What are the prime factors of 1819?
17, 107
What are the prime factors of 4686?
2, 3, 11, 71
List the prime factors of 8404.
2, 11, 191
List the prime factors of 2433.
3, 811
What are the prime factors of 148449?
3, 7, 7069
What are the prime factors of 12022?
2, 6011
What are the prime factors of 3869?
53, 73
List the prime factors of 73069.
89, 821
List the prime factors of 91099.
91099
What are the prime factors of 444?
2, 3, 37
List the prime factors of 6769.
7, 967
What are the prime factors of 56211?
3, 41, 457
What are the prime factors of 60998?
2, 7, 4357
What are the prime factors of 926?
2, 463
List the prime factors of 6404.
2, 1601
What are the prime factors of 180?
2, 3, 5
List the prime factors of 2039.
2039
List the prime factors of 21833.
7, 3119
List the prime factors of 63491.
173, 367
What are the prime factors of 7589?
7589
What are the prime factors of 160?
2, 5
What are the prime factors of 1419?
3, 11, 43
What are the prime factors of 6366?
2, 3, 1061
List the prime factors of 28639.
13, 2203
What are the prime factors of 2925?
3, 5, 13
List the prime factors of 199.
199
List the prime factors of 8805.
3, 5, 587
List the prime factors of 864.
2, 3
What are the prime factors of 84447?
3, 11, 853
List the prime factors of 11623.
59, 197
List the prime factors of 32302.
2, 31, 521
What are the prime factors of 45237?
3, 17, 887
List the prime factors of 54096.
2, 3, 7, 23
What are the prime factors of 9449?
11, 859
What are the prime factors of 14141?
79, 179
List the prime factors of 337.
337
List the prime factors of 6921.
3, 769
What are the prime factors of 4737?
3, 1579
What are the prime factors of 49497?
3, 7, 2357
What are the prime factors of 960?
2, 3, 5
List the prime factors of 5710.
2, 5, 571
List the prime factors of 46656.
2, 3
What are the prime factors of 14082?
2, 3, 2347
List the prime factors of 2884.
2, 7, 103
What are the prime factors of 889?
7, 127
List the prime factors of 555.
3, 5, 37
List the prime factors of 2982.
2, 3, 7, 71
List the prime factors of 83648.
2, 1307
What are the prime factors of 2012?
2, 503
List the prime factors of 1439.
1439
What are the prime factors of 1484?
2, 7, 53
What are the prime factors of 402?
2, 3, 67
List the prime factors of 8797.
19, 463
What are the prime factors of 650?
2, 5, 13
List the prime factors of 33148.
2, 8287
List the prime factors of 38671.
38671
List the prime factors of 199.
199
What are the prime factors of 2661?
3, 887
What are the prime factors of 1189?
29, 41
List the prime factors of 20673.
3, 2297
What are the prime factors of 8825?
5, 353
What are the prime factors of 17053?
17053
List the prime factors of 4391.
4391
What are the prime factors of 11226?
2, 3, 1871
What are the prime factors of 930?
2, 3, 5, 31
What are the prime factors of 5376?
2, 3, 7
List the prime factors of 43483.
11, 59, 67
What are the prime factors of 14034?
2, 3, 2339
What are the prime factors of 24164?
2, 7, 863
What are the prime factors of 2679?
3, 19, 47
List the prime factors of 83760.
2, 3, 5, 349
What are the prime factors of 2656?
2, 83
List the prime factors of 1091.
1091
What are the prime factors of 5810?
2, 5, 7, 83
List the prime factors of 1188.
2, 3, 11
List the prime factors of 1992.
2, 3, 83
What are the prime factors of 2073?
3, 691
What are the prime factors of 146?
2, 73
What are the prime factors of 190?
2, 5, 19
What are the prime factors of 16186?
2, 8093
List the prime factors of 51094.
2, 59, 433
List the prime factors of 30713.
30713
What are the prime factors of 10074?
2, 3, 23, 73
List the prime factors of 3292.
2, 823
List the prime factors of 37984.
2, 1187
List the prime factors of 28610.
2, 5, 2861
List the prime factors of 2026.
2, 1013
What are the prime factors of 17132?
2, 4283
What are the prime factors of 119634?
2, 3, 127, 157
List the prime factors of 23915.
5, 4783
What are the prime factors of 89899?
89899
List the prime factors of 11957.
11, 1087
List the prime factors of 59885.
5, 7, 29, 59
What are the prime factors of 564?
2, 3, 47
List the prime factors of 2013.
3, 11, 61
List the prime factors of 902.
2, 11, 41
List the prime factors of 600.
2, 3, 5
What are the prime factors of 315?
3, 5, 7
List the prime factors of 65515.
5, 13103
List the prime factors of 19324.
2, 4831
What are the prime factors of 82737?
3, 29, 317
What are the prime factors of 9148?
2, 2287
List the prime factors of 11242.
2, 7, 11, 73
List the prime factors of 409.
409
List the prime factors of 11403.
3, 7, 181
What are the prime factors of 891?
3, 11
What are the prime factors of 1531?
1531
What are the prime factors of 5148?
2, 3, 11, 13
What are the prime factors of 378?
2, 3, 7
List the prime factors of 52070.
2, 5, 41, 127
What are the prime factors of 13192?
2, 17, 97
What are the prime factors of 3048?
2, 3, 127
List the prime factors of 65817.
3, 71, 103
What are the prime factors of 4500?
2, 3, 5
List the prime factors of 13989.
3, 4663
What are the prime factors of 1545?
3, 5, 103
What are the prime factors of 69364?
2, 17341
What are the prime factors of 96188?
2, 139, 173
What are the prime factors of 47760?
2, 3, 5, 199
What are the prime factors of 1139?
17, 67
List the prime factors of 129.
3, 43
List the prime factors of 47449.
23, 2063
What are the prime factors of 763?
7, 109
What are the prime factors of 11834?
2, 61, 97
What are the prime factors of 429?
3, 11, 13
What are the prime factors of 2502?
2, 3, 139
List the prime factors of 56895.
3, 5, 3793
What are the prime factors of 2204?
2, 19, 29
What are the prime factors of 429?
3, 11, 13
List the prime factors of 175546.
2, 7, 12539
What are the prime factors of 3695?
5, 739
What are the prime factors of 3128?
2, 17, 23
What are the prime factors of 5641?
5641
List the prime factors of 1912.
2, 239
List the prime factors of 18016.
2, 563
List the prime factors of 90918.
2, 3, 5051
What are the prime factors of 57750?
2, 3, 5, 7, 11
What are the prime factors of 367?
367
List the prime factors of 2422.
2, 7, 173
What are the prime factors of 6929?
13, 41
What are the prime factors of 12902?
2, 6451
List the prime factors of 39591.
3, 53, 83
List the prime factors of 412.
2, 103
List the prime factors of 8256.
2, 3, 43
List the prime factors of 1294.
2, 647
What are the prime factors of 3812?
2, 953
List the prime factors of 50149.
11, 47, 97
List the prime factors of 12584.
2, 11, 13
List the prime factors of 9631.
9631
List the prime factors of 2708.
2, 677
List the prime factors of 18502.
2, 11, 29
List the prime factors of 181.
181
List the prime factors of 652.
2, 163
What are the prime factors of 2293?
2293
What are the prime factors of 12840?
2, 3, 5, 107
What are the prime factors of 7416?
2, 3, 103
What are the prime factors of 4022?
2, 2011
List the prime factors of 1434.
2, 3, 239
List the prime factors of 699.
3, 233
List the prime factors of 145039.
43, 3373
What are the prime factors of 156?
2, 3, 13
What are the prime factors of 11362?
2, 13, 1